et v(w) = w**3 - 6*w**2 - 5*w + 29. What is v(7)?
43
Let t(b) = 2*b - 2. Calculate t(23).
44
Let l(n) = 6*n**3 + n**2 - 4*n + 2. Give l(1).
5
Let u(o) = -o**3 + 91*o**2 - 667*o + 11. Calculate u(8).
-13
Let t(g) = 2*g**3 - 7*g**2 - 11*g + 106. Give t(6).
220
Let o(p) = 533*p**2 + 8*p + 9. Determine o(-1).
534
Let t(r) = r**3 - 13*r**2 + 19*r - 285. Give t(13).
-38
Let j(y) = -3*y**3 + 48*y**2 - 94*y + 725. Determine j(15).
-10
Let l(c) = 28*c**3 - 6*c**2 + 2*c + 27. What is l(-3)?
-789
Let m(r) = -31*r + 1777. What is m(56)?
41
Let k(t) = 6*t + 223. Give k(-33).
25
Let z(h) = h**3 - 32*h**2 - 3*h + 103. Determine z(32).
7
Let b(y) = -y**3 + 22*y**2 - 125*y + 15. What is b(11)?
-29
Let d(h) = -21*h - 291. Give d(-32).
381
Let f(w) = -334*w**2 + 4*w + 5. What is f(-1)?
-333
Let v(a) = a**3 - 16*a**2 + 2*a + 395. Determine v(14).
31
Let h(b) = -257*b - 1516. Calculate h(-6).
26
Let m(w) = 195*w + 24. Calculate m(-2).
-366
Let o(y) = -y**2 + 455*y + 3231. Calculate o(-7).
-3
Let s(q) = q**2 + 8082*q + 64600. Give s(-8).
8
Let b(u) = -5*u**3 - 33*u**2 + 36*u + 155. Calculate b(-7).
1
Let v(n) = -79*n - 8722. Determine v(-110).
-32
Let a(r) = 13*r**2 - 21*r - 1. What is a(2)?
9
Let t(o) = 2*o**3 + 10*o**2 + 5*o + 9. Give t(-3).
30
Let b(t) = -2*t**3 - 20*t**2 + 222*t + 2225. Calculate b(-10).
5
Let z(o) = 103*o - 1036. Determine z(10).
-6
Let z(k) = k**2 + 115*k - 460. Calculate z(4).
16
Let g(l) = -4*l**2 + 96*l - 162. Give g(22).
14
Let l(j) = -j**3 - 340*j**2 + 1042*j + 4452. What is l(-343)?
-7
Let a(r) = -4*r - 195. Give a(-45).
-15
Let g(z) = -z**2 + 61*z - 294. What is g(6)?
36
Let x(n) = n**3 + 27*n**2 + 19*n + 551. Give x(-27).
38
Let o(w) = 12*w**2 + 115*w + 57. Calculate o(-9).
-6
Let b(w) = -176*w + 2635. Calculate b(15).
-5
Let z(u) = 3*u**2 - 93*u + 454. Calculate z(25).
4
Let s(m) = -m**3 + 2*m**2 + 671*m - 113. Give s(-25).
-13
Let t(j) = 2*j**2 - 126*j + 1135. What is t(11)?
-9
Let c(o) = o**3 - 12*o**2 + 17*o - 1315. Calculate c(16).
-19
Let a(r) = -r**2 - 26*r - 153. Determine a(-16).
7
Let y(d) = -d**3 - 18*d**2 - 9*d + 104. Calculate y(-17).
-32
Let k(j) = j**2 - 91*j - 887. Calculate k(-9).
13
Let k(r) = -r**2 - 37*r - 521. Calculate k(-21).
-185
Let y(b) = -2*b**3 - 25*b**2 + 35*b + 257. Determine y(-13).
-29
Let k(q) = q**3 + 13*q**2 - 221*q - 496. Determine k(-22).
10
Let p(u) = -u**3 + 49*u**2 + 270*u + 21. Determine p(-5).
21
Let t(w) = 90*w - 549. What is t(6)?
-9
Let r(g) = -355*g**2 + 2*g + 3. Give r(-1).
-354
Let m(o) = -429*o + 18432. Give m(43).
-15
Let t(b) = -b**2 + 505*b - 1490. Give t(3).
16
Let f(u) = -41*u - 13. Calculate f(-12).
479
Let r(j) = 6*j - 171. What is r(26)?
-15
Let t(a) = a**3 + 3*a**2 - 8*a + 29. Give t(4).
109
Let f(n) = -n**2 + 103*n - 495. Determine f(5).
-5
Let j(p) = 160*p + 2719. Calculate j(-17).
-1
Let i(g) = 72*g + 473. Give i(-10).
-247
Let m(j) = -2*j**3 + 4*j**2 - 7*j + 10. Determine m(2).
-4
Let s(v) = -26*v**2 - 18*v - 86. What is s(0)?
-86
Let h(s) = 9*s**3 - 41*s**2 - 26*s + 20. Give h(5).
-10
Let o(n) = 321*n**3 - n**2 + 20*n + 20. Give o(-1).
-322
Let r(z) = z**2 - 70*z + 85. Give r(69).
16
Let q(h) = 412*h - 28028. Calculate q(68).
-12
Let z(c) = -35*c**2 + 736*c - 38. What is z(21)?
-17
Let c(a) = 19*a - 87. What is c(-3)?
-144
Let d(j) = -4*j**2 - 241*j - 54. What is d(-60)?
6
Let o(r) = 16*r - 1052. Determine o(65).
-12
Let i(p) = 75*p**2 - 87*p - 90. Determine i(-1).
72
Let r(x) = x**3 - 35*x**2 - 608*x - 785. Give r(48).
-17
Let m(u) = 5*u**2 - 87*u + 55. Calculate m(19).
207
Let z(h) = -1881*h - 120386. Determine z(-64).
-2
Let u(b) = 21*b**2 + 1103*b - 506. What is u(-53)?
24
Let h(q) = 2*q**3 + 3*q**2 + 85*q + 828. Calculate h(-6).
-6
Let p(s) = -65*s**3 - 5*s - 5. What is p(-1)?
65
Let c(i) = -10*i - 534. What is c(-49)?
-44
Let s(k) = 27*k + 62. Determine s(-4).
-46
Let x(i) = -57*i**2 - 17*i - 39. Give x(-2).
-233
Let r(s) = -s**3 + 25*s**2 - 61*s - 37. Give r(22).
73
Let u(x) = -x**2 + 6*x + 278. Give u(-21).
-289
Let h(i) = -i**3 - 9*i**2 + 14*i - 84. Calculate h(-11).
4
Let f(z) = z**3 - 55*z**2 + 19*z - 909. Determine f(55).
136
Let b(o) = -o**3 + 19*o**2 - 373*o + 2839. Calculate b(10).
9
Let r(c) = 2*c**3 + 27*c**2 - 16*c + 154. What is r(-14)?
182
Let w(z) = -2*z**3 + 23*z**2 + 17*z - 19. What is w(13)?
-305
Let a(c) = 24*c + 1598. What is a(-64)?
62
Let v(k) = 2*k**3 - 28*k**2 - 191*k + 18. Determine v(19).
-1
Let s(l) = -34*l**2 - 139*l + 4. Calculate s(-4).
16
Let y(c) = 38*c**2 - 606*c - 30. Calculate y(16).
2
Let q(d) = 5*d**2 - 115*d - 241. What is q(25)?
9
Let s(k) = -62*k - 2189. Determine s(-33).
-143
Let j(d) = d**2 + 2749*d - 3. Give j(0).
-3
Let c(q) = 5*q**3 + 17*q**2 - 9*q + 5. Calculate c(-4).
-7
Let v(k) = -619*k + 26. What is v(0)?
26
Let g(n) = -n**2 + 15*n + 8. Determine g(16).
-8
Let h(y) = -50*y + 81. Determine h(0).
81
Let d(y) = 6041*y - 114789. Give d(19).
-10
Let y(d) = 2*d**2 - 33*d - 10. Calculate y(12).
-118
Let q(i) = 6*i**3 + 11*i**2 + 90*i + 337. Give q(-4).
-231
Let i(w) = 2*w**2 + 46*w + 252. Calculate i(-12).
-12
Let s(g) = 2*g**2 - 37*g + 17. Calculate s(13).
-126
Let x(w) = 103*w - 8861. Determine x(86).
-3
Let n(u) = -u**3 - 20*u**2 + 17*u - 89. Determine n(-21).
-5
Let w(y) = 85*y + 293. Give w(-4).
-47
Let o(z) = z**3 + 5*z**2 + 53*z + 369. Give o(-6).
15
Let q(l) = 59*l + 3179. Calculate q(-55).
-66
Let z(f) = 2*f**3 - 111*f**2 + 366*f - 98. Give z(52).
6
Let k(z) = 11*z + 293. Determine k(-29).
-26
Let d(u) = 203*u + 6685. What is d(-33)?
-14
Let a(i) = 2*i**2 + 20*i - 307. What is a(-18)?
-19
Let z(n) = n**3 - 14*n**2 + 73*n - 785. Determine z(13).
-5
Let h(s) = 247*s - 165. Determine h(2).
329
Let b(s) = -103*s - 61. Determine b(-5).
454
Let z(a) = 3*a**3 - 17*a**2 - 63*a + 370. Give z(5).
5
Let b(i) = i**2 - 43*i - 1270. What is b(63)?
-10
Let f(u) = u**2 - 82*u - 251. Calculate f(-3).
4
Let c(u) = 2*u**3 + 10*u**2 + 29*u + 65. Calculate c(-6).
-181
Let t(h) = 7*h**2 + 85*h - 88. Calculate t(1).
4
Let z(c) = -4*c + 18. Calculate z(8).
-14
Let u(j) = -7*j**2 - 177*j + 133. Calculate u(-26).
3
Let z(n) = -13*n**2 + 141*n + 14. Calculate z(11).
-8
Let r(z) = z**3 + z**2 + 224*z + 450. Determine r(-2).
-2
Let z(y) = -42*y + 213. Determine z(9).
-165
Let d(n) = -3*n**3 + 48*n**2 - 85*n - 6. What is d(14)?
-20
Let t(v) = 81*v - 8748. Determine t(108).
0
Let b(j) = 2*j**3 + 37*j**2 - 23*j - 1. Determine b(-19).
75
Let h(o) = -443*o + 893. Give h(2).
7
Let t(v) = -v**3 + 52*v**2 - 140*v - 353. Give t(49).
-10
Let i(j) = -j**2 - 60*j - 213. Give i(-4).
11
Let k(n) = 11*n - 88. What is k(7)?
-11
Let y(u) = u**3 - 11*u**2 - 54*u + 586. What is y(11)?
-8
Let s(r) = -165*r**3 - 178*r**2 - 8*r - 3. Calculate s(-1).
-8
Let m(o) = o**3 - 41*o**2 - 181*o - 308. Give m(45).
-353
Let c(g) = -g**2 + 1121*g + 3363. Calculate c(-3).
-9
Let w(d) = -3*d**3 + 4*d**2 + d + 15. What is w(4)?
-109
Let b(c) = -4*c**2 + 46*c - 93. Give b(14).
-233
Let x(d) = d**3 - 13*d**2 + 21*d - 3. Calculate x(11).
-14
Let h(b) = -2*b**2 - 18*b + 2446. Give h(31).
-34
Let j(o) = -2*o**2 + 23*o - 8. What is j(-5)?
-173
Let d(y) = y**3 + 14*y**2 + 23*y + 15. Calculate d(-11).
125
Let w(g) = -g**3 - 7*g**2 - 20*g - 61. Give w(-5).
-11
Let o(y) = 106*y + 13548. Give o(-128).
-20
Let z(f) = 803*f + 4811. Give z(-6).
-7
Let w(q) = 3*q**3 - 48*q**2 + 69*q - 368. Calculate w(15).
-8
Let z(y) = y - 22. Give z(25).
3
Let o(h) = -2056*h**2 - 10280*h + 3. Determine o(-5).
3
Let g(r) = -24*r - 211. Give g(-8).
-19
Let h(q) = -9*q**2 + 49*q + 95. Determine h(7).
-3
Let d(f) = 88*f - 1870. Calculate d(21).
-22
Let z(b) = -59*b**2 - 37*b - 73. What is z(-2)?
-235
Let x(p) = -16*p - 463. Calculate x(-39).
161
Let b(v) = 3*v**3 + 18*v**2 - 8*v - 24. What is b(-6)?
24
Let b(y) = 42*y + 543. Calculate b(-23).
-423
Let c(t) = 8*t**3 + 3*t**2 - 13*t - 83. Determine c(-5).
-943
Let m(u) = -5*u**2 + 164*u + 169. Determine m(34).
-35
Let k(d) = d**2 + 6*d + 13. Calculate k(-7).
20
Let q(o) = 23*o + 44. What is q(-3)?
-25
Let t(d) = -3*d**3 + 7*d**2 + 4*d - 16. Calculate t(-3).
116
Let h(i) = 7*i**3 - i**2 + 18*i + 18. Determine h(-1).
-8
Let u(z) = 2*z**2 - 141*z - 237. What is u(75)?
438
Let l(f) = 3*f**3 + 62*f**2 + 146*f + 39. What is l(-18)?
3
Let r(o) = o**3 - 275*o**2 - 546*